 293608?
True
Is 1774830 a multiple of 201?
True
Is 257972 a multiple of 572?
True
Is 6212661 a multiple of 637?
True
Is 62 a factor of 235986?
False
Is 11 a factor of 9871418?
False
Is 135 a factor of 116100?
True
Is 8272301 a multiple of 219?
False
Does 35 divide 1333059?
False
Is 25 a factor of 1896525?
True
Is 34 a factor of 485452?
True
Does 64 divide 2284544?
True
Is 1458964 a multiple of 80?
False
Does 88 divide 3296656?
True
Is 7868718 a multiple of 27?
True
Is 1456560 a multiple of 63?
True
Is 30 a factor of 51580?
False
Does 4 divide 238885?
False
Is 1216 a factor of 5744384?
True
Does 25 divide 108045?
False
Is 772116 a multiple of 12?
True
Is 173298 a multiple of 102?
True
Is 106 a factor of 98262?
True
Does 595 divide 6187405?
True
Is 19 a factor of 4501917?
True
Is 33 a factor of 79134?
True
Does 6 divide 103350?
True
Is 210728 a multiple of 284?
True
Does 50 divide 322139?
False
Is 32 a factor of 32793?
False
Does 21 divide 471954?
True
Is 14638130 a multiple of 26?
True
Is 14 a factor of 531370?
True
Is 111 a factor of 157852?
False
Is 57664 a multiple of 272?
True
Is 26 a factor of 1128686?
True
Is 7 a factor of 6563?
False
Does 9 divide 57933?
True
Is 1136 a factor of 25179?
False
Is 93 a factor of 97783?
False
Is 4 a factor of 29147?
False
Does 724 divide 242388?
False
Is 782644 a multiple of 188?
True
Does 96 divide 5251872?
True
Is 273 a factor of 341250?
True
Is 4620475 a multiple of 354?
False
Is 340 a factor of 2028641?
False
Is 225753 a multiple of 127?
False
Is 1455329 a multiple of 306?
False
Is 756872 a multiple of 7?
False
Does 16 divide 439504?
True
Is 56018 even?
True
Is 357330 a multiple of 6?
True
Is 5751864 a multiple of 744?
True
Is 164670 a multiple of 22?
True
Is 309 a factor of 51294?
True
Does 55 divide 191730?
True
Does 170 divide 4916060?
True
Is 598400 a multiple of 160?
True
Is 233025 a multiple of 325?
True
Does 15 divide 85611?
False
Is 84 a factor of 15093792?
True
Is 6 a factor of 89117?
False
Is 5007275 a multiple of 2275?
True
Does 78 divide 336290?
False
Is 6 a factor of 5987736?
True
Is 45 a factor of 32213?
False
Is 2249446 a multiple of 26?
False
Is 74580 a multiple of 35?
False
Is 2350125 a multiple of 375?
True
Is 356761 even?
False
Is 417497 a multiple of 58?
False
Does 29 divide 33408?
True
Is 45816 a multiple of 12?
True
Does 45 divide 3233475?
True
Does 167 divide 6944395?
False
Is 1082758 a multiple of 155?
False
Is 108 a factor of 102710?
False
Is 6039970 a multiple of 362?
True
Does 12 divide 744389?
False
Is 129 a factor of 99588?
True
Does 9 divide 448632?
True
Is 3238320 a multiple of 786?
True
Does 39 divide 2045072?
False
Does 154 divide 336040?
False
Is 108 a factor of 925992?
True
Does 6 divide 23046?
True
Is 11 a factor of 6436376?
False
Is 15 a factor of 17269?
False
Is 10627 a multiple of 24?
False
Does 92 divide 1878264?
False
Is 300377 a multiple of 24?
False
Is 32 a factor of 449285?
False
Does 17 divide 3799891?
True
Does 27 divide 1567053?
True
Is 291 a factor of 4148787?
True
Does 119 divide 127449?
True
Is 176202 a multiple of 87?
False
Does 21 divide 1296519?
True
Is 28 a factor of 794956?
False
Is 10259782 a multiple of 12?
False
Is 237 a factor of 202938?
False
Is 437020 a multiple of 199?
False
Is 519792 a multiple of 663?
True
Is 151368 a multiple of 24?
True
Does 29 divide 8711339?
True
Does 161 divide 296358?
False
Is 7 a factor of 218608?
False
Is 1643 a factor of 9700272?
True
Does 8 divide 84264?
True
Is 433 a factor of 22879287?
True
Is 3812047 a multiple of 33?
False
Is 16 a factor of 247808?
True
Is 17608092 a multiple of 82?
False
Does 8 divide 861641?
False
Is 191867 a multiple of 17?
False
Does 21 divide 1677102?
True
Does 133 divide 96425?
True
Is 36 a factor of 4268311?
False
Does 230 divide 571572?
False
Does 20 divide 707754?
False
Is 17618 even?
True
Is 421958 a multiple of 23?
True
Is 82 a factor of 26650?
True
Does 27 divide 306612?
True
Is 1195 a factor of 10641475?
True
Is 603504 a multiple of 254?
True
Does 105 divide 61024?
False
Is 733106 a multiple of 94?
True
Is 316409 a multiple of 3?
False
Is 1699490 a multiple of 15?
False
Is 461439 a multiple of 10?
False
Is 362174 a multiple of 293?
False
Does 436 divide 9452503?
False
Does 48 divide 79344?
True
Is 341041 a multiple of 22?
False
Is 196 a factor of 206192?
True
Is 8 a factor of 2573928?
True
Does 5 divide 75243?
False
Is 7225001 a multiple of 1996?
False
Is 237043 a multiple of 18?
False
Is 51 a factor of 7320591?
True
Does 19 divide 97128?
True
Does 68 divide 4779470?
False
Does 6 divide 185838?
True
Is 304 a factor of 3750752?
True
Is 4276041 a multiple of 231?
True
Is 26 a factor of 235754?
False
Is 69 a factor of 10378290?
True
Does 14 divide 24932905?
False
Is 30 a factor of 347684?
False
Is 7676802 a multiple of 43?
False
Does 19 divide 1752702?
False
Is 9386 a multiple of 128?
False
Does 1732 divide 9291435?
False
Does 24 divide 4119390?
False
Does 152 divide 797544?
True
Is 1707426 a multiple of 21?
True
Is 26 a factor of 2876822?
True
Does 70 divide 582605?
False
Does 12 divide 144936?
True
Is 8932 even?
True
Does 15 divide 9285?
True
Does 113 divide 341825?
True
Is 115 a factor of 53469?
False
Is 22 a factor of 22220?
True
Does 53 divide 231595?
False
Does 84 divide 1776315?
False
Is 1861750 a multiple of 550?
True
Does 1138 divide 3690350?
False
Is 18495627 a multiple of 13?
False
Is 1278933 a multiple of 46?
False
Does 43 divide 239424?
True
Is 8 a factor of 7048?
True
Does 125 divide 194985?
False
Is 123536 a multiple of 4?
True
Is 2 a factor of 2415?
False
Is 54 a factor of 150228?
True
Is 2471 a factor of 27126638?
True
Does 34 divide 711808?
False
Is 13 a factor of 7400404?
False
Is 47 a factor of 170892?
True
Is 122624 a multiple of 64?
True
Is 127 a factor of 4262938?
False
Does 385 divide 598651?
False
Is 18 a factor of 13560948?
True
Is 123757 a multiple of 4?
False
Is 951008 a multiple of 551?
False
Is 432928 a multiple of 9?
False
Does 182 divide 5574786?
False
Is 37 a factor of 4142224?
True
Is 728 a factor of 1054144?
True
Is 96612 a multiple of 2?
True
Is 15 a factor of 216645?
True
Is 17632 a multiple of 2?
True
Is 159 a factor of 2412666?
True
Does 85 divide 43180?
True
Does 19 divide 9063?
True
Is 22406832 a multiple of 1494?
False
Is 104 a factor of 90584?
True
Is 2414 a factor of 9526602?
False
Does 11 divide 29599?
False
Is 15021051 a multiple of 18?
False
Does 80 divide 284908?
False
Does 11 divide 3359906?
True
Does 18 divide 989820?
True
Does 95 divide 24018?
False
Does 187 divide 9811703?
True
Does 111 divide 211677?
True
Does 14 divide 59312?
False
Is 392 a factor of 191992?
False
Does 1028 divide 991658?
False
Is 243557 a multiple of 121?
False
Is 125391 a multiple of 49?
True
Does 8 divide 16752?
True
Is 259 a factor of 15022?
True
Is 16 a factor of 1582766?
False
Is 96624 a multiple of 44?
True
Is 4167560 a multiple of 172?
True
Does 23 divide 1239075?
False
Does 196 divide 350099?
False
Is 230 a factor of 6320061?
False
Is 3992308 a multiple of 685?
False
Does 68 divide 257652?
True
Is 156 a factor of 147841?
False
Does 49 divide 275689?
False
Is 389639 a multiple of 138?
False
Is 3271282 a multiple of 349?
False
Does 116 divide 3278044?
True
Is 9 a factor of 94693?
False
Is 198 a factor of 47916?
True
Is 55 a factor of 16151795?
True
Is 200200 a multiple of 18?
False
Is 1579 a factor of 3084394?
False
Does 7 divide 78623?
False
Is 158692 a multiple of 200?
False
Does 1062 divide 1458205?
False
Is 19 a factor of 9654147?
True
Is 772 a factor of 9590556?
True
Is 11 a factor of 16181?
True
Does 12 divide 28109?
False
Is 17 a factor of 1120253?
False
Does 82 divide 47478?
True
Is 26 a factor of 42612?
False
Is 15 a factor of 125595?
True
Is 278932 a multiple of 137?
True
Is 9903000 a multiple of 674?
False
Is 113 a factor of 32440?
False
Is 53 a factor of 1267838?
False
Is 636554 a multiple of 12?
False
Is 3918825 a multiple of 9?
True
Is 2693439 a multiple of 9?
True
Is 1152030 a multiple of 66?
True
Is 14 a factor of 7496419?
False
Is 150873 a multiple of 55?
False
Is 114 a factor of 1885914?
False
Does 3 divide 100762?
False
Does 253 divide 479027?
False
Does 98 divide 1123044?
False
Does 74 divide 4282084?
True
Is 230593 a multiple of 2?